{"id":1897,"date":"2025-11-19T18:17:26","date_gmt":"2025-11-19T18:17:26","guid":{"rendered":"https:\/\/www.mischis.ch\/?post_type=product&#038;p=1897"},"modified":"2026-01-20T18:31:09","modified_gmt":"2026-01-20T18:31:09","slug":"12er-schachtel-schwarz-12-sorten-pralines","status":"publish","type":"product","link":"https:\/\/www.mischis.ch\/?product=12er-schachtel-schwarz-12-sorten-pralines","title":{"rendered":"12er Schachtel schwarz (12 Sorten Pralines)"},"content":{"rendered":"<p><strong>12 Sorten Pralines<\/strong><\/p>\n<p>Zutaten: Zucker, Kakaobutter,\u00a0<strong>Vollmilchpulver<\/strong>,\u00a0<strong>Magermilchpulver<\/strong>,\u00a0<strong>Rahm, Haseln\u00fcsse<\/strong>, Kakaokerne, Marc de Champagne 55%Vol., Grappa Berta Elisi 43Vol%, Baselbieter Kirsch 43Vol%, Z\u00fcrcher Quittenschnaps 42Vol%, Grand Marnier 50% Vol., Baileys 17% Vol., Whisky 40%Vol.,<strong>\u00a0Butter, Butterfett<\/strong>,<strong>\u00a0Milchproteine<\/strong>, Feuchthaltemittel: Sorbit, Glukose, Emulgator:\u00a0<strong>Sojalecithin<\/strong>, Verdickungsmittel:E407, Vanille, nat\u00fcrliches Aroma, nat\u00fcrliche Aromastoffe, Sorbins\u00e4ure (E200)<\/p>\n<p>Kann Gluten (inkl. Weizen), andere N\u00fcsse, Mandeln, Pistazien, Ei enthalten<\/p>\n<p>Haltbarkeit: 4 Wochen<\/p>\n<p>&nbsp;<\/p>\n","protected":false},"excerpt":{"rendered":"<div>\n<div>Schwarze Schachtel mit 12 verschiedenen Pralines und transparentem Deckel. Je ein Pralines der folgenden Sorten;<\/div>\n<\/div>\n<div>\n<ul>\n<li>Liqueurkugel Grappa<\/li>\n<li>Liqueurkugel Quitte<\/li>\n<li>Liqueurkugel Kirsch<\/li>\n<li>Truffes hell<\/li>\n<li>Truffes dunkel<\/li>\n<li>Truffes weiss<\/li>\n<li>Champagnertruffes<\/li>\n<li>Grand Marnier Truffes<\/li>\n<li>Baileystruffes<\/li>\n<li>Gianduja hell<\/li>\n<li>Gianduja dunkel<\/li>\n<li>Gianduja weiss<\/li>\n<\/ul>\n<\/div>\n","protected":false},"featured_media":1906,"template":"","meta":[],"product_cat":[16,150],"product_tag":[148,73,71,83,118],"class_list":{"0":"post-1897","1":"product","2":"type-product","3":"status-publish","4":"has-post-thumbnail","6":"product_cat-truffes-schachteln","7":"product_cat-12er-schachteln","8":"product_tag-giandujasternli","9":"product_tag-truffes-dunkel","10":"product_tag-truffes-hell","11":"product_tag-truffes-weiss","12":"product_tag-weihnachtsprodukt","14":"first","15":"instock","16":"shipping-taxable","17":"purchasable","18":"product-type-simple"},"_links":{"self":[{"href":"https:\/\/www.mischis.ch\/index.php?rest_route=\/wp\/v2\/product\/1897","targetHints":{"allow":["GET"]}}],"collection":[{"href":"https:\/\/www.mischis.ch\/index.php?rest_route=\/wp\/v2\/product"}],"about":[{"href":"https:\/\/www.mischis.ch\/index.php?rest_route=\/wp\/v2\/types\/product"}],"wp:featuredmedia":[{"embeddable":true,"href":"https:\/\/www.mischis.ch\/index.php?rest_route=\/wp\/v2\/media\/1906"}],"wp:attachment":[{"href":"https:\/\/www.mischis.ch\/index.php?rest_route=%2Fwp%2Fv2%2Fmedia&parent=1897"}],"wp:term":[{"taxonomy":"product_cat","embeddable":true,"href":"https:\/\/www.mischis.ch\/index.php?rest_route=%2Fwp%2Fv2%2Fproduct_cat&post=1897"},{"taxonomy":"product_tag","embeddable":true,"href":"https:\/\/www.mischis.ch\/index.php?rest_route=%2Fwp%2Fv2%2Fproduct_tag&post=1897"}],"curies":[{"name":"wp","href":"https:\/\/api.w.org\/{rel}","templated":true}]}}